[INFO] cloning repository https://github.com/EnclaveSoftware/webrenderfork
[INFO] running `Command { std: "git" "-c" "credential.helper=" "-c" "credential.helper=/workspace/cargo-home/bin/git-credential-null" "clone" "--bare" "https://github.com/EnclaveSoftware/webrenderfork" "/workspace/cache/git-repos/https%3A%2F%2Fgithub.com%2FEnclaveSoftware%2Fwebrenderfork", kill_on_drop: false }`
[INFO] [stderr] Cloning into bare repository '/workspace/cache/git-repos/https%3A%2F%2Fgithub.com%2FEnclaveSoftware%2Fwebrenderfork'...
[INFO] running `Command { std: "git" "rev-parse" "HEAD", kill_on_drop: false }`
[INFO] [stdout] e55f9c82e1d1edb7b9daa06f9af818cb85d473c5
[INFO] checking EnclaveSoftware/webrenderfork against master#9610dfe5a9a731ced1ea4923ecbd0c57fe367898 for beta-170-4
[INFO] running `Command { std: "git" "clone" "/workspace/cache/git-repos/https%3A%2F%2Fgithub.com%2FEnclaveSoftware%2Fwebrenderfork" "/workspace/builds/worker-5-tc1/source", kill_on_drop: false }`
[INFO] [stderr] Cloning into '/workspace/builds/worker-5-tc1/source'...
[INFO] [stderr] done.
[INFO] validating manifest of git repo https://github.com/EnclaveSoftware/webrenderfork on toolchain 9610dfe5a9a731ced1ea4923ecbd0c57fe367898
[INFO] running `Command { std: CARGO_HOME="/workspace/cargo-home" RUSTUP_HOME="/workspace/rustup-home" "/workspace/cargo-home/bin/cargo" "+9610dfe5a9a731ced1ea4923ecbd0c57fe367898" "metadata" "--manifest-path" "Cargo.toml" "--no-deps", kill_on_drop: false }`
[INFO] started tweaking git repo https://github.com/EnclaveSoftware/webrenderfork
[INFO] finished tweaking git repo https://github.com/EnclaveSoftware/webrenderfork
[INFO] tweaked toml for git repo https://github.com/EnclaveSoftware/webrenderfork written to /workspace/builds/worker-5-tc1/source/Cargo.toml
[INFO] crate git repo https://github.com/EnclaveSoftware/webrenderfork already has a lockfile, it will not be regenerated
[INFO] running `Command { std: CARGO_HOME="/workspace/cargo-home" RUSTUP_HOME="/workspace/rustup-home" "/workspace/cargo-home/bin/cargo" "+9610dfe5a9a731ced1ea4923ecbd0c57fe367898" "fetch" "--manifest-path" "Cargo.toml", kill_on_drop: false }`
[INFO] [stderr]     Updating git repository `https://github.com/rust-windowing/android-rs-glue.git`
[INFO] [stderr]     Updating git repository `https://github.com/jrmuizel/winit`
[INFO] [stderr]     Updating crates.io index
[INFO] [stderr]     Updating git repository `https://github.com/servo/osmesa-src`
[INFO] [stderr]  Downloading crates ...
[INFO] [stderr]   Downloaded serde_bytes v0.11.3
[INFO] [stderr]   Downloaded font-loader v0.11.0
[INFO] [stderr]   Downloaded build-parallel v0.1.2
[INFO] [stderr]   Downloaded servo-fontconfig v0.5.1
[INFO] [stderr]   Downloaded freetype v0.7.0
[INFO] [stderr]   Downloaded chrono v0.2.25
[INFO] [stderr]   Downloaded ron v0.6.2
[INFO] [stderr]   Downloaded glsl v4.0.3
[INFO] [stderr]   Downloaded plane-split v0.17.1
[INFO] [stderr]   Downloaded tracy-rs v0.1.2
[INFO] [stderr]   Downloaded core-graphics-types v0.1.0
[INFO] [stderr]   Downloaded core-text v19.0.0
[INFO] [stderr]   Downloaded etagere v0.2.6
[INFO] [stderr]   Downloaded binary-space-partition v0.1.2
[INFO] [stderr]   Downloaded minidl v0.1.0
[INFO] [stderr]   Downloaded app_units v0.7.1
[INFO] [stderr]   Downloaded core-graphics v0.22.0
[INFO] [stderr]   Downloaded malloc_size_of_derive v0.1.1
[INFO] [stderr]   Downloaded servo-fontconfig-sys v5.1.0
[INFO] [stderr]   Downloaded freetype-sys v0.13.1
[INFO] [stderr]   Downloaded mozangle v0.3.3
[INFO] [stderr]   Downloaded gleam v0.13.1
[INFO] [stderr]   Downloaded glslopt v0.1.9
[INFO] running `Command { std: "docker" "create" "-v" "/var/lib/crater-agent-workspace/builds/worker-5-tc1/target:/opt/rustwide/target:rw,Z" "-v" "/var/lib/crater-agent-workspace/builds/worker-5-tc1/source:/opt/rustwide/workdir:ro,Z" "-v" "/var/lib/crater-agent-workspace/cargo-home:/opt/rustwide/cargo-home:ro,Z" "-v" "/var/lib/crater-agent-workspace/rustup-home:/opt/rustwide/rustup-home:ro,Z" "-e" "SOURCE_DIR=/opt/rustwide/workdir" "-e" "CARGO_TARGET_DIR=/opt/rustwide/target" "-e" "CARGO_HOME=/opt/rustwide/cargo-home" "-e" "RUSTUP_HOME=/opt/rustwide/rustup-home" "-w" "/opt/rustwide/workdir" "-m" "1610612736" "--user" "0:0" "--network" "none" "ghcr.io/rust-lang/crates-build-env/linux@sha256:19e73879b68f455e41552ea35293514db52ea292d993f571636dbffedb77a1ee" "/opt/rustwide/cargo-home/bin/cargo" "+9610dfe5a9a731ced1ea4923ecbd0c57fe367898" "metadata" "--no-deps" "--format-version=1", kill_on_drop: false }`
[INFO] [stdout] bca4b2cb1cf193da4cc570dde0b17a140b60efd3711fc98efc232610e55463d6
[INFO] running `Command { std: "docker" "start" "-a" "bca4b2cb1cf193da4cc570dde0b17a140b60efd3711fc98efc232610e55463d6", kill_on_drop: false }`
[INFO] running `Command { std: "docker" "inspect" "bca4b2cb1cf193da4cc570dde0b17a140b60efd3711fc98efc232610e55463d6", kill_on_drop: false }`
[INFO] running `Command { std: "docker" "rm" "-f" "bca4b2cb1cf193da4cc570dde0b17a140b60efd3711fc98efc232610e55463d6", kill_on_drop: false }`
[INFO] [stdout] bca4b2cb1cf193da4cc570dde0b17a140b60efd3711fc98efc232610e55463d6
[INFO] running `Command { std: "docker" "create" "-v" "/var/lib/crater-agent-workspace/builds/worker-5-tc1/target:/opt/rustwide/target:rw,Z" "-v" "/var/lib/crater-agent-workspace/builds/worker-5-tc1/source:/opt/rustwide/workdir:ro,Z" "-v" "/var/lib/crater-agent-workspace/cargo-home:/opt/rustwide/cargo-home:ro,Z" "-v" "/var/lib/crater-agent-workspace/rustup-home:/opt/rustwide/rustup-home:ro,Z" "-e" "SOURCE_DIR=/opt/rustwide/workdir" "-e" "CARGO_TARGET_DIR=/opt/rustwide/target" "-e" "CARGO_INCREMENTAL=0" "-e" "RUST_BACKTRACE=full" "-e" "RUSTFLAGS=--cap-lints=forbid" "-e" "RUSTDOCFLAGS=--cap-lints=forbid" "-e" "CARGO_HOME=/opt/rustwide/cargo-home" "-e" "RUSTUP_HOME=/opt/rustwide/rustup-home" "-w" "/opt/rustwide/workdir" "-m" "1610612736" "--user" "0:0" "--network" "none" "ghcr.io/rust-lang/crates-build-env/linux@sha256:19e73879b68f455e41552ea35293514db52ea292d993f571636dbffedb77a1ee" "/opt/rustwide/cargo-home/bin/cargo" "+9610dfe5a9a731ced1ea4923ecbd0c57fe367898" "check" "--frozen" "--all" "--all-targets" "--message-format=json", kill_on_drop: false }`
[INFO] [stdout] f1dbef824af11da54a0ce15a9c2b91c92b8a7dcd002bf8fdd29be6e4fb6d67b0
[INFO] running `Command { std: "docker" "start" "-a" "f1dbef824af11da54a0ce15a9c2b91c92b8a7dcd002bf8fdd29be6e4fb6d67b0", kill_on_drop: false }`
[INFO] [stderr]    Compiling libc v0.2.68
[INFO] [stderr]    Compiling autocfg v1.0.0
[INFO] [stderr]    Compiling proc-macro2 v1.0.10
[INFO] [stderr]    Compiling syn v1.0.17
[INFO] [stderr]    Compiling xml-rs v0.8.2
[INFO] [stderr]    Compiling pkg-config v0.3.17
[INFO] [stderr]    Compiling serde v1.0.106
[INFO] [stderr]    Compiling log v0.4.8
[INFO] [stderr]    Compiling khronos_api v3.1.0
[INFO] [stderr]    Compiling memchr v2.3.3
[INFO] [stderr]    Compiling maybe-uninit v2.0.0
[INFO] [stderr]    Compiling const_fn v0.4.4
[INFO] [stderr]    Compiling nix v0.14.1
[INFO] [stderr]    Compiling quote v0.6.13
[INFO] [stderr]    Compiling bitflags v1.2.1
[INFO] [stderr]    Compiling crc32fast v1.2.0
[INFO] [stderr]    Compiling webrender_build v0.0.1 (/opt/rustwide/workdir/webrender_build)
[INFO] [stderr]    Compiling rayon-core v1.9.0
[INFO] [stderr]     Checking lazy_static v1.4.0
[INFO] [stderr]    Compiling parking_lot_core v0.6.2
[INFO] [stderr]    Compiling parking_lot v0.9.0
[INFO] [stderr]     Checking cfg-if v0.1.10
[INFO] [stderr]    Compiling num-traits v0.2.11
[INFO] [stderr]    Compiling crossbeam-utils v0.8.1
[INFO] [stderr]    Compiling memoffset v0.6.1
[INFO] [stderr]    Compiling rayon v1.5.0
[INFO] [stderr]     Checking byteorder v1.3.4
[INFO] [stderr]     Checking scopeguard v1.1.0
[INFO] [stderr]     Checking cfg-if v1.0.0
[INFO] [stderr]    Compiling x11-dl v2.18.5
[INFO] [stderr]     Checking adler32 v1.0.4
[INFO] [stderr]    Compiling gl_generator v0.13.1
[INFO] [stderr]    Compiling wayland-scanner v0.21.13
[INFO] [stderr]    Compiling gl_generator v0.14.0
[INFO] [stderr]    Compiling nom v5.1.1
[INFO] [stderr]     Checking void v1.0.2
[INFO] [stderr]    Compiling quote v1.0.3
[INFO] [stderr]    Compiling jobserver v0.1.21
[INFO] [stderr]    Compiling num_cpus v1.12.0
[INFO] [stderr]     Checking time v0.1.42
[INFO] [stderr]    Compiling cc v1.0.50
[INFO] [stderr]    Compiling build-parallel v0.1.2
[INFO] [stderr]     Checking crossbeam-channel v0.5.0
[INFO] [stderr]     Checking crossbeam-epoch v0.9.1
[INFO] [stderr]     Checking stb_truetype v0.3.1
[INFO] [stderr]     Checking inflate v0.4.5
[INFO] [stderr]     Checking deflate v0.8.4
[INFO] [stderr]     Checking ordered-float v1.0.2
[INFO] [stderr]     Checking approx v0.3.2
[INFO] [stderr]     Checking crossbeam-deque v0.8.0
[INFO] [stderr]    Compiling gleam v0.13.1
[INFO] [stderr]    Compiling glutin_egl_sys v0.1.4
[INFO] [stderr]    Compiling cmake v0.1.42
[INFO] [stderr]    Compiling glutin_glx_sys v0.1.6
[INFO] [stderr]     Checking rusttype v0.8.3
[INFO] [stderr]     Checking binary-space-partition v0.1.2
[INFO] [stderr]     Checking base64 v0.12.3
[INFO] [stderr]     Checking png v0.16.2
[INFO] [stderr]     Checking same-file v1.0.6
[INFO] [stderr]     Checking minidl v0.1.0
[INFO] [stderr]     Checking either v1.5.3
[INFO] [stderr]     Checking svg_fmt v0.4.1
[INFO] [stderr]     Checking downcast-rs v1.1.1
[INFO] [stderr]     Checking tracy-rs v0.1.2
[INFO] [stderr]     Checking rusttype v0.7.9
[INFO] [stderr]     Checking walkdir v2.3.1
[INFO] [stderr]     Checking line_drawing v0.7.0
[INFO] [stderr]     Checking smallvec v0.6.13
[INFO] [stderr]     Checking fxhash v0.2.1
[INFO] [stderr]    Compiling libloading v0.5.2
[INFO] [stderr]    Compiling freetype-sys v0.13.1
[INFO] [stderr]    Compiling glslopt v0.1.9
[INFO] [stderr]     Checking xdg v2.2.0
[INFO] [stderr]    Compiling wayland-client v0.21.13
[INFO] [stderr]    Compiling wayland-protocols v0.21.13
[INFO] [stderr]     Checking andrew v0.2.1
[INFO] [stderr]     Checking memmap v0.7.0
[INFO] [stderr]     Checking freetype v0.7.0
[INFO] [stderr]     Checking lock_api v0.3.4
[INFO] [stderr]    Compiling num-integer v0.1.42
[INFO] [stderr]     Checking aho-corasick v0.7.10
[INFO] [stderr]     Checking shared_library v0.1.9
[INFO] [stderr]     Checking raw-window-handle v0.3.3
[INFO] [stderr]     Checking atty v0.2.14
[INFO] [stderr]     Checking thread_local v1.0.1
[INFO] [stderr]     Checking regex-syntax v0.6.17
[INFO] [stderr]     Checking quick-error v1.2.3
[INFO] [stderr]     Checking percent-encoding v2.1.0
[INFO] [stderr]     Checking humantime v1.3.0
[INFO] [stderr]     Checking osmesa-sys v0.1.2
[INFO] [stderr]     Checking termcolor v1.1.0
[INFO] [stderr]    Compiling expat-sys v2.1.6
[INFO] [stderr]    Compiling num-iter v0.1.40
[INFO] [stderr]    Compiling servo-fontconfig-sys v5.1.0
[INFO] [stderr]    Compiling num-rational v0.2.4
[INFO] [stderr]    Compiling ryu v1.0.3
[INFO] [stderr]    Compiling compositor-wayland v0.1.0 (/opt/rustwide/workdir/example-compositor/compositor-wayland)
[INFO] [stderr]     Checking unicode-xid v0.2.0
[INFO] [stderr]    Compiling compositor-windows v0.1.0 (/opt/rustwide/workdir/example-compositor/compositor-windows)
[INFO] [stderr]     Checking unicode-width v0.1.7
[INFO] [stderr]    Compiling wrench v0.3.0 (/opt/rustwide/workdir/wrench)
[INFO] [stderr]     Checking servo-fontconfig v0.5.1
[INFO] [stderr]     Checking textwrap v0.11.0
[INFO] [stderr]     Checking num v0.1.42
[INFO] [stderr]    Compiling mozangle v0.3.3
[INFO] [stderr]     Checking dlib v0.4.1
[INFO] [stderr]     Checking wayland-sys v0.21.13
[INFO] [stderr]     Checking rand v0.4.6
[INFO] [stderr]     Checking wayland-commons v0.21.13
[INFO] [stderr]     Checking bytemuck v1.2.0
[INFO] [stderr]     Checking semver-parser v0.7.0
[INFO] [stderr]    Compiling synstructure v0.12.3
[INFO] [stderr]     Checking regex v1.3.6
[INFO] [stderr]     Checking yaml-rust v0.3.5
[INFO] [stderr] The following warnings were emitted during compilation:
[INFO] [stderr] 
[INFO] [stderr] warning: src/lib.cpp:7:10: fatal error: windows.h: No such file or directory
[INFO] [stderr] warning:     7 | #include <windows.h>
[INFO] [stderr] warning:       |          ^~~~~~~~~~~
[INFO] [stderr] warning: compilation terminated.
[INFO] [stderr] 
[INFO] [stderr] error: failed to run custom build command for `compositor-windows v0.1.0 (/opt/rustwide/workdir/example-compositor/compositor-windows)`
[INFO] [stderr] note: To improve backtraces for build dependencies, set the CARGO_PROFILE_DEV_BUILD_OVERRIDE_DEBUG=true environment variable to enable debug information generation.
[INFO] [stderr] 
[INFO] [stderr] Caused by:
[INFO] [stderr]   process didn't exit successfully: `/opt/rustwide/target/debug/build/compositor-windows-929c7db318ec414e/build-script-build` (exit status: 1)
[INFO] [stderr]   --- stdout
[INFO] [stderr]   TARGET = Some("x86_64-unknown-linux-gnu")
[INFO] [stderr]   OPT_LEVEL = Some("0")
[INFO] [stderr]   HOST = Some("x86_64-unknown-linux-gnu")
[INFO] [stderr]   CC_x86_64-unknown-linux-gnu = None
[INFO] [stderr]   CC_x86_64_unknown_linux_gnu = None
[INFO] [stderr]   HOST_CC = None
[INFO] [stderr]   CC = None
[INFO] [stderr]   CFLAGS_x86_64-unknown-linux-gnu = None
[INFO] [stderr]   CFLAGS_x86_64_unknown_linux_gnu = None
[INFO] [stderr]   HOST_CFLAGS = None
[INFO] [stderr]   CFLAGS = None
[INFO] [stderr]   CRATE_CC_NO_DEFAULTS = None
[INFO] [stderr]   DEBUG = Some("true")
[INFO] [stderr]   CARGO_CFG_TARGET_FEATURE = Some("fxsr,sse,sse2")
[INFO] [stderr]   running: "cc" "-O0" "-ffunction-sections" "-fdata-sections" "-fPIC" "-g" "-fno-omit-frame-pointer" "-m64" "-I" "../../../angle/checkout/include" "-Wall" "-Wextra" "-o" "/opt/rustwide/target/debug/build/compositor-windows-9a2676cd257eabb9/out/src/lib.o" "-c" "src/lib.cpp"
[INFO] [stderr]   cargo:warning=src/lib.cpp:7:10: fatal error: windows.h: No such file or directory
[INFO] [stderr]   cargo:warning=    7 | #include <windows.h>
[INFO] [stderr]   cargo:warning=      |          ^~~~~~~~~~~
[INFO] [stderr]   cargo:warning=compilation terminated.
[INFO] [stderr]   exit status: 1
[INFO] [stderr] 
[INFO] [stderr]   --- stderr
[INFO] [stderr] 
[INFO] [stderr] 
[INFO] [stderr]   error occurred: Command "cc" "-O0" "-ffunction-sections" "-fdata-sections" "-fPIC" "-g" "-fno-omit-frame-pointer" "-m64" "-I" "../../../angle/checkout/include" "-Wall" "-Wextra" "-o" "/opt/rustwide/target/debug/build/compositor-windows-9a2676cd257eabb9/out/src/lib.o" "-c" "src/lib.cpp" with args "cc" did not execute successfully (status code exit status: 1).
[INFO] [stderr] 
[INFO] [stderr] 
[INFO] [stderr] warning: build failed, waiting for other jobs to finish...
[INFO] [stderr] warning: src/lib.cpp:704:1: warning: missing initializer for member 'xdg_toplevel_listener::configure_bounds' [-Wmissing-field-initializers]
[INFO] [stderr] warning:   704 | };
[INFO] [stderr] warning:       | ^
[INFO] [stderr] error: could not compile `syn` (lib)
[INFO] [stderr] 
[INFO] [stderr] Caused by:
[INFO] [stderr]   process didn't exit successfully: `/opt/rustwide/rustup-home/toolchains/9610dfe5a9a731ced1ea4923ecbd0c57fe367898/bin/rustc --crate-name syn --edition=2018 /opt/rustwide/cargo-home/registry/src/index.crates.io-6f17d22bba15001f/syn-1.0.17/src/lib.rs --error-format=json --json=diagnostic-rendered-ansi,artifacts,future-incompat --crate-type lib --emit=dep-info,metadata,link -C embed-bitcode=no -C debuginfo=0 --cfg 'feature="clone-impls"' --cfg 'feature="default"' --cfg 'feature="derive"' --cfg 'feature="extra-traits"' --cfg 'feature="full"' --cfg 'feature="parsing"' --cfg 'feature="printing"' --cfg 'feature="proc-macro"' --cfg 'feature="quote"' --cfg 'feature="visit"' -C metadata=1255aa05eecb53d0 -C extra-filename=-1255aa05eecb53d0 --out-dir /opt/rustwide/target/debug/deps -L dependency=/opt/rustwide/target/debug/deps --extern proc_macro2=/opt/rustwide/target/debug/deps/libproc_macro2-0e4f2e3c9618441d.rmeta --extern quote=/opt/rustwide/target/debug/deps/libquote-5841e1fdeefc3730.rmeta --extern unicode_xid=/opt/rustwide/target/debug/deps/libunicode_xid-20c7b4282ed4b918.rmeta --cap-lints allow --cap-lints=forbid` (signal: 9, SIGKILL: kill)
[INFO] [stderr] error: could not compile `syn` (lib)
[INFO] [stderr] 
[INFO] [stderr] Caused by:
[INFO] [stderr]   process didn't exit successfully: `/opt/rustwide/rustup-home/toolchains/9610dfe5a9a731ced1ea4923ecbd0c57fe367898/bin/rustc --crate-name syn --edition=2018 /opt/rustwide/cargo-home/registry/src/index.crates.io-6f17d22bba15001f/syn-1.0.17/src/lib.rs --error-format=json --json=diagnostic-rendered-ansi,artifacts,future-incompat --crate-type lib --emit=dep-info,metadata -C embed-bitcode=no -C debuginfo=0 --cfg 'feature="clone-impls"' --cfg 'feature="default"' --cfg 'feature="derive"' --cfg 'feature="extra-traits"' --cfg 'feature="full"' --cfg 'feature="parsing"' --cfg 'feature="printing"' --cfg 'feature="proc-macro"' --cfg 'feature="quote"' --cfg 'feature="visit"' -C metadata=d4ff39a9a49a1e36 -C extra-filename=-d4ff39a9a49a1e36 --out-dir /opt/rustwide/target/debug/deps -L dependency=/opt/rustwide/target/debug/deps --extern proc_macro2=/opt/rustwide/target/debug/deps/libproc_macro2-4697b2289891b2c4.rmeta --extern quote=/opt/rustwide/target/debug/deps/libquote-c82b10be41cbc16d.rmeta --extern unicode_xid=/opt/rustwide/target/debug/deps/libunicode_xid-1fd76fd1b217f9fb.rmeta --cap-lints allow --cap-lints=forbid` (signal: 9, SIGKILL: kill)
[INFO] [stderr] error: could not compile `gleam` (lib)
[INFO] [stderr] 
[INFO] [stderr] Caused by:
[INFO] [stderr]   process didn't exit successfully: `/opt/rustwide/rustup-home/toolchains/9610dfe5a9a731ced1ea4923ecbd0c57fe367898/bin/rustc --crate-name gleam /opt/rustwide/cargo-home/registry/src/index.crates.io-6f17d22bba15001f/gleam-0.13.1/src/lib.rs --error-format=json --json=diagnostic-rendered-ansi,artifacts,future-incompat --crate-type lib --emit=dep-info,metadata -C panic=abort -C embed-bitcode=no -C debuginfo=2 -C metadata=d0a319d9ef8b2d15 -C extra-filename=-d0a319d9ef8b2d15 --out-dir /opt/rustwide/target/debug/deps -L dependency=/opt/rustwide/target/debug/deps --cap-lints allow --cap-lints=forbid` (signal: 9, SIGKILL: kill)
[INFO] [stderr] error: could not compile `gleam` (lib)
[INFO] [stderr] 
[INFO] [stderr] Caused by:
[INFO] [stderr]   process didn't exit successfully: `/opt/rustwide/rustup-home/toolchains/9610dfe5a9a731ced1ea4923ecbd0c57fe367898/bin/rustc --crate-name gleam /opt/rustwide/cargo-home/registry/src/index.crates.io-6f17d22bba15001f/gleam-0.13.1/src/lib.rs --error-format=json --json=diagnostic-rendered-ansi,artifacts,future-incompat --crate-type lib --emit=dep-info,metadata -C embed-bitcode=no -C debuginfo=2 -C metadata=2df41f65468f56f6 -C extra-filename=-2df41f65468f56f6 --out-dir /opt/rustwide/target/debug/deps -L dependency=/opt/rustwide/target/debug/deps --cap-lints allow --cap-lints=forbid` (signal: 9, SIGKILL: kill)
[INFO] [stderr] The following warnings were emitted during compilation:
[INFO] [stderr] 
[INFO] [stderr] warning: c++: fatal error: Killed signal terminated program cc1plus
[INFO] [stderr] warning: compilation terminated.
[INFO] [stderr] 
[INFO] [stderr] error: failed to run custom build command for `mozangle v0.3.3`
[INFO] [stderr] note: To improve backtraces for build dependencies, set the CARGO_PROFILE_DEV_BUILD_OVERRIDE_DEBUG=true environment variable to enable debug information generation.
[INFO] [stderr] 
[INFO] [stderr] Caused by:
[INFO] [stderr]   process didn't exit successfully: `/opt/rustwide/target/debug/build/mozangle-4aa236f8bd8a61c8/build-script-build` (exit status: 1)
[INFO] [stderr]   --- stdout
[INFO] [stderr]   TARGET = Some("x86_64-unknown-linux-gnu")
[INFO] [stderr]   OPT_LEVEL = Some("0")
[INFO] [stderr]   HOST = Some("x86_64-unknown-linux-gnu")
[INFO] [stderr]   CXX_x86_64-unknown-linux-gnu = None
[INFO] [stderr]   CXX_x86_64_unknown_linux_gnu = None
[INFO] [stderr]   HOST_CXX = None
[INFO] [stderr]   CXX = None
[INFO] [stderr]   CXXFLAGS_x86_64-unknown-linux-gnu = None
[INFO] [stderr]   CXXFLAGS_x86_64_unknown_linux_gnu = None
[INFO] [stderr]   HOST_CXXFLAGS = None
[INFO] [stderr]   CXXFLAGS = None
[INFO] [stderr]   CRATE_CC_NO_DEFAULTS = None
[INFO] [stderr]   DEBUG = Some("true")
[INFO] [stderr]   CARGO_CFG_TARGET_FEATURE = Some("fxsr,sse,sse2")
[INFO] [stderr]   CXX_x86_64-unknown-linux-gnu = None
[INFO] [stderr]   CXX_x86_64_unknown_linux_gnu = None
[INFO] [stderr]   HOST_CXX = None
[INFO] [stderr]   CXX = None
[INFO] [stderr]   CXXFLAGS_x86_64-unknown-linux-gnu = None
[INFO] [stderr]   CXXFLAGS_x86_64_unknown_linux_gnu = None
[INFO] [stderr]   HOST_CXXFLAGS = None
[INFO] [stderr]   CXXFLAGS = None
[INFO] [stderr]   CRATE_CC_NO_DEFAULTS = None
[INFO] [stderr]   CARGO_CFG_TARGET_FEATURE = Some("fxsr,sse,sse2")
[INFO] [stderr]   CXX_x86_64-unknown-linux-gnu = None
[INFO] [stderr]   CXX_x86_64_unknown_linux_gnu = None
[INFO] [stderr]   HOST_CXX = None
[INFO] [stderr]   CXX = None
[INFO] [stderr]   CXXFLAGS_x86_64-unknown-linux-gnu = None
[INFO] [stderr]   CXXFLAGS_x86_64_unknown_linux_gnu = None
[INFO] [stderr]   HOST_CXXFLAGS = None
[INFO] [stderr]   CXXFLAGS = None
[INFO] [stderr]   CRATE_CC_NO_DEFAULTS = None
[INFO] [stderr]   CARGO_CFG_TARGET_FEATURE = Some("fxsr,sse,sse2")
[INFO] [stderr]   CXX_x86_64-unknown-linux-gnu = None
[INFO] [stderr]   CXX_x86_64_unknown_linux_gnu = None
[INFO] [stderr]   HOST_CXX = None
[INFO] [stderr]   CXX = None
[INFO] [stderr]   CXXFLAGS_x86_64-unknown-linux-gnu = None
[INFO] [stderr]   CXXFLAGS_x86_64_unknown_linux_gnu = None
[INFO] [stderr]   HOST_CXXFLAGS = None
[INFO] [stderr]   CXXFLAGS = None
[INFO] [stderr]   CRATE_CC_NO_DEFAULTS = None
[INFO] [stderr]   CARGO_CFG_TARGET_FEATURE = Some("fxsr,sse,sse2")
[INFO] [stderr]   CXX_x86_64-unknown-linux-gnu = None
[INFO] [stderr]   CXX_x86_64_unknown_linux_gnu = None
[INFO] [stderr]   HOST_CXX = None
[INFO] [stderr]   CXX = None
[INFO] [stderr]   CXXFLAGS_x86_64-unknown-linux-gnu = None
[INFO] [stderr]   CXXFLAGS_x86_64_unknown_linux_gnu = None
[INFO] [stderr]   HOST_CXXFLAGS = None
[INFO] [stderr]   CXXFLAGS = None
[INFO] [stderr]   CRATE_CC_NO_DEFAULTS = None
[INFO] [stderr]   CARGO_CFG_TARGET_FEATURE = Some("fxsr,sse,sse2")
[INFO] [stderr]   CXX_x86_64-unknown-linux-gnu = None
[INFO] [stderr]   CXX_x86_64_unknown_linux_gnu = None
[INFO] [stderr]   HOST_CXX = None
[INFO] [stderr]   CXX = None
[INFO] [stderr]   CXXFLAGS_x86_64-unknown-linux-gnu = None
[INFO] [stderr]   CXXFLAGS_x86_64_unknown_linux_gnu = None
[INFO] [stderr]   HOST_CXXFLAGS = None
[INFO] [stderr]   CXXFLAGS = None
[INFO] [stderr]   CRATE_CC_NO_DEFAULTS = None
[INFO] [stderr]   CARGO_CFG_TARGET_FEATURE = Some("fxsr,sse,sse2")
[INFO] [stderr]   CXX_x86_64-unknown-linux-gnu = None
[INFO] [stderr]   CXX_x86_64_unknown_linux_gnu = None
[INFO] [stderr]   HOST_CXX = None
[INFO] [stderr]   CXX = None
[INFO] [stderr]   CXXFLAGS_x86_64-unknown-linux-gnu = None
[INFO] [stderr]   CXXFLAGS_x86_64_unknown_linux_gnu = None
[INFO] [stderr]   HOST_CXXFLAGS = None
[INFO] [stderr]   CXXFLAGS = None
[INFO] [stderr]   CRATE_CC_NO_DEFAULTS = None
[INFO] [stderr]   CARGO_CFG_TARGET_FEATURE = Some("fxsr,sse,sse2")
[INFO] [stderr]   running: "c++" "-O0" "-ffunction-sections" "-fdata-sections" "-fPIC" "-g" "-fno-omit-frame-pointer" "-m64" "-I" "gfx/angle/checkout/include/" "-I" "gfx/angle/checkout/out/gen/angle/" "-I" "gfx/angle/checkout/src/" "-I" "gfx/angle/checkout/src/common/third_party/base/" "-std=c++14" "-msse2" "-DANGLE_ENABLE_DEBUG_ANNOTATIONS" "-DANGLE_ENABLE_ESSL" "-DANGLE_ENABLE_GLSL" "-DANGLE_ENABLE_HLSL" "-DANGLE_ENABLE_KEYEDMUTEX" "-DANGLE_SKIP_DXGI_1_2_CHECK" "-DDYNAMIC_ANNOTATIONS_ENABLED=1" "-DNOMINMAX" "-DNTDDI_VERSION=0x0A000003" "-DUNICODE" "-DWINVER=0x0A00" "-D_ATL_NO_OPENGL" "-D_CRT_RAND_S" "-D_CRT_SECURE_NO_DEPRECATE" "-D_HAS_EXCEPTIONS=0" "-D_SCL_SECURE_NO_DEPRECATE" "-D_SECURE_ATL" "-D_UNICODE" "-D__NDK_FPABI__=" "-o" "/opt/rustwide/target/debug/build/mozangle-27de83c1981e04fc/out/gfx/angle/checkout/src/common/Float16ToFloat32.o" "-c" "gfx/angle/checkout/src/common/Float16ToFloat32.cpp"
[INFO] [stderr]   running: "c++" "-O0" "-ffunction-sections" "-fdata-sections" "-fPIC" "-g" "-fno-omit-frame-pointer" "-m64" "-I" "gfx/angle/checkout/include/" "-I" "gfx/angle/checkout/out/gen/angle/" "-I" "gfx/angle/checkout/src/" "-I" "gfx/angle/checkout/src/common/third_party/base/" "-std=c++14" "-msse2" "-DANGLE_ENABLE_DEBUG_ANNOTATIONS" "-DANGLE_ENABLE_ESSL" "-DANGLE_ENABLE_GLSL" "-DANGLE_ENABLE_HLSL" "-DANGLE_ENABLE_KEYEDMUTEX" "-DANGLE_SKIP_DXGI_1_2_CHECK" "-DDYNAMIC_ANNOTATIONS_ENABLED=1" "-DNOMINMAX" "-DNTDDI_VERSION=0x0A000003" "-DUNICODE" "-DWINVER=0x0A00" "-D_ATL_NO_OPENGL" "-D_CRT_RAND_S" "-D_CRT_SECURE_NO_DEPRECATE" "-D_HAS_EXCEPTIONS=0" "-D_SCL_SECURE_NO_DEPRECATE" "-D_SECURE_ATL" "-D_UNICODE" "-D__NDK_FPABI__=" "-o" "/opt/rustwide/target/debug/build/mozangle-27de83c1981e04fc/out/gfx/angle/checkout/src/common/PackedEnums.o" "-c" "gfx/angle/checkout/src/common/PackedEnums.cpp"
[INFO] [stderr]   running: "c++" "-O0" "-ffunction-sections" "-fdata-sections" "-fPIC" "-g" "-fno-omit-frame-pointer" "-m64" "-I" "gfx/angle/checkout/include/" "-I" "gfx/angle/checkout/out/gen/angle/" "-I" "gfx/angle/checkout/src/" "-I" "gfx/angle/checkout/src/common/third_party/base/" "-std=c++14" "-msse2" "-DANGLE_ENABLE_DEBUG_ANNOTATIONS" "-DANGLE_ENABLE_ESSL" "-DANGLE_ENABLE_GLSL" "-DANGLE_ENABLE_HLSL" "-DANGLE_ENABLE_KEYEDMUTEX" "-DANGLE_SKIP_DXGI_1_2_CHECK" "-DDYNAMIC_ANNOTATIONS_ENABLED=1" "-DNOMINMAX" "-DNTDDI_VERSION=0x0A000003" "-DUNICODE" "-DWINVER=0x0A00" "-D_ATL_NO_OPENGL" "-D_CRT_RAND_S" "-D_CRT_SECURE_NO_DEPRECATE" "-D_HAS_EXCEPTIONS=0" "-D_SCL_SECURE_NO_DEPRECATE" "-D_SECURE_ATL" "-D_UNICODE" "-D__NDK_FPABI__=" "-o" "/opt/rustwide/target/debug/build/mozangle-27de83c1981e04fc/out/gfx/angle/checkout/src/common/PackedEGLEnums_autogen.o" "-c" "gfx/angle/checkout/src/common/PackedEGLEnums_autogen.cpp"
[INFO] [stderr]   running: "c++" "-O0" "-ffunction-sections" "-fdata-sections" "-fPIC" "-g" "-fno-omit-frame-pointer" "-m64" "-I" "gfx/angle/checkout/include/" "-I" "gfx/angle/checkout/out/gen/angle/" "-I" "gfx/angle/checkout/src/" "-I" "gfx/angle/checkout/src/common/third_party/base/" "-std=c++14" "-msse2" "-DANGLE_ENABLE_DEBUG_ANNOTATIONS" "-DANGLE_ENABLE_ESSL" "-DANGLE_ENABLE_GLSL" "-DANGLE_ENABLE_HLSL" "-DANGLE_ENABLE_KEYEDMUTEX" "-DANGLE_SKIP_DXGI_1_2_CHECK" "-DDYNAMIC_ANNOTATIONS_ENABLED=1" "-DNOMINMAX" "-DNTDDI_VERSION=0x0A000003" "-DUNICODE" "-DWINVER=0x0A00" "-D_ATL_NO_OPENGL" "-D_CRT_RAND_S" "-D_CRT_SECURE_NO_DEPRECATE" "-D_HAS_EXCEPTIONS=0" "-D_SCL_SECURE_NO_DEPRECATE" "-D_SECURE_ATL" "-D_UNICODE" "-D__NDK_FPABI__=" "-o" "/opt/rustwide/target/debug/build/mozangle-27de83c1981e04fc/out/gfx/angle/checkout/src/common/PackedGLEnums_autogen.o" "-c" "gfx/angle/checkout/src/common/PackedGLEnums_autogen.cpp"
[INFO] [stderr]   running: "c++" "-O0" "-ffunction-sections" "-fdata-sections" "-fPIC" "-g" "-fno-omit-frame-pointer" "-m64" "-I" "gfx/angle/checkout/include/" "-I" "gfx/angle/checkout/out/gen/angle/" "-I" "gfx/angle/checkout/src/" "-I" "gfx/angle/checkout/src/common/third_party/base/" "-std=c++14" "-msse2" "-DANGLE_ENABLE_DEBUG_ANNOTATIONS" "-DANGLE_ENABLE_ESSL" "-DANGLE_ENABLE_GLSL" "-DANGLE_ENABLE_HLSL" "-DANGLE_ENABLE_KEYEDMUTEX" "-DANGLE_SKIP_DXGI_1_2_CHECK" "-DDYNAMIC_ANNOTATIONS_ENABLED=1" "-DNOMINMAX" "-DNTDDI_VERSION=0x0A000003" "-DUNICODE" "-DWINVER=0x0A00" "-D_ATL_NO_OPENGL" "-D_CRT_RAND_S" "-D_CRT_SECURE_NO_DEPRECATE" "-D_HAS_EXCEPTIONS=0" "-D_SCL_SECURE_NO_DEPRECATE" "-D_SECURE_ATL" "-D_UNICODE" "-D__NDK_FPABI__=" "-o" "/opt/rustwide/target/debug/build/mozangle-27de83c1981e04fc/out/gfx/angle/checkout/src/common/MemoryBuffer.o" "-c" "gfx/angle/checkout/src/common/MemoryBuffer.cpp"
[INFO] [stderr]   running: "c++" "-O0" "-ffunction-sections" "-fdata-sections" "-fPIC" "-g" "-fno-omit-frame-pointer" "-m64" "-I" "gfx/angle/checkout/include/" "-I" "gfx/angle/checkout/out/gen/angle/" "-I" "gfx/angle/checkout/src/" "-I" "gfx/angle/checkout/src/common/third_party/base/" "-std=c++14" "-msse2" "-DANGLE_ENABLE_DEBUG_ANNOTATIONS" "-DANGLE_ENABLE_ESSL" "-DANGLE_ENABLE_GLSL" "-DANGLE_ENABLE_HLSL" "-DANGLE_ENABLE_KEYEDMUTEX" "-DANGLE_SKIP_DXGI_1_2_CHECK" "-DDYNAMIC_ANNOTATIONS_ENABLED=1" "-DNOMINMAX" "-DNTDDI_VERSION=0x0A000003" "-DUNICODE" "-DWINVER=0x0A00" "-D_ATL_NO_OPENGL" "-D_CRT_RAND_S" "-D_CRT_SECURE_NO_DEPRECATE" "-D_HAS_EXCEPTIONS=0" "-D_SCL_SECURE_NO_DEPRECATE" "-D_SECURE_ATL" "-D_UNICODE" "-D__NDK_FPABI__=" "-o" "/opt/rustwide/target/debug/build/mozangle-27de83c1981e04fc/out/gfx/angle/checkout/src/common/PoolAlloc.o" "-c" "gfx/angle/checkout/src/common/PoolAlloc.cpp"
[INFO] [stderr]   running: "c++" "-O0" "-ffunction-sections" "-fdata-sections" "-fPIC" "-g" "-fno-omit-frame-pointer" "-m64" "-I" "gfx/angle/checkout/include/" "-I" "gfx/angle/checkout/out/gen/angle/" "-I" "gfx/angle/checkout/src/" "-I" "gfx/angle/checkout/src/common/third_party/base/" "-std=c++14" "-msse2" "-DANGLE_ENABLE_DEBUG_ANNOTATIONS" "-DANGLE_ENABLE_ESSL" "-DANGLE_ENABLE_GLSL" "-DANGLE_ENABLE_HLSL" "-DANGLE_ENABLE_KEYEDMUTEX" "-DANGLE_SKIP_DXGI_1_2_CHECK" "-DDYNAMIC_ANNOTATIONS_ENABLED=1" "-DNOMINMAX" "-DNTDDI_VERSION=0x0A000003" "-DUNICODE" "-DWINVER=0x0A00" "-D_ATL_NO_OPENGL" "-D_CRT_RAND_S" "-D_CRT_SECURE_NO_DEPRECATE" "-D_HAS_EXCEPTIONS=0" "-D_SCL_SECURE_NO_DEPRECATE" "-D_SECURE_ATL" "-D_UNICODE" "-D__NDK_FPABI__=" "-o" "/opt/rustwide/target/debug/build/mozangle-27de83c1981e04fc/out/gfx/angle/checkout/src/common/aligned_memory.o" "-c" "gfx/angle/checkout/src/common/aligned_memory.cpp"
[INFO] [stderr]   running: "c++" "-O0" "-ffunction-sections" "-fdata-sections" "-fPIC" "-g" "-fno-omit-frame-pointer" "-m64" "-I" "gfx/angle/checkout/include/" "-I" "gfx/angle/checkout/out/gen/angle/" "-I" "gfx/angle/checkout/src/" "-I" "gfx/angle/checkout/src/common/third_party/base/" "-std=c++14" "-msse2" "-DANGLE_ENABLE_DEBUG_ANNOTATIONS" "-DANGLE_ENABLE_ESSL" "-DANGLE_ENABLE_GLSL" "-DANGLE_ENABLE_HLSL" "-DANGLE_ENABLE_KEYEDMUTEX" "-DANGLE_SKIP_DXGI_1_2_CHECK" "-DDYNAMIC_ANNOTATIONS_ENABLED=1" "-DNOMINMAX" "-DNTDDI_VERSION=0x0A000003" "-DUNICODE" "-DWINVER=0x0A00" "-D_ATL_NO_OPENGL" "-D_CRT_RAND_S" "-D_CRT_SECURE_NO_DEPRECATE" "-D_HAS_EXCEPTIONS=0" "-D_SCL_SECURE_NO_DEPRECATE" "-D_SECURE_ATL" "-D_UNICODE" "-D__NDK_FPABI__=" "-o" "/opt/rustwide/target/debug/build/mozangle-27de83c1981e04fc/out/gfx/angle/checkout/src/common/angleutils.o" "-c" "gfx/angle/checkout/src/common/angleutils.cpp"
[INFO] [stderr]   running: "c++" "-O0" "-ffunction-sections" "-fdata-sections" "-fPIC" "-g" "-fno-omit-frame-pointer" "-m64" "-I" "gfx/angle/checkout/include/" "-I" "gfx/angle/checkout/out/gen/angle/" "-I" "gfx/angle/checkout/src/" "-I" "gfx/angle/checkout/src/common/third_party/base/" "-std=c++14" "-msse2" "-DANGLE_ENABLE_DEBUG_ANNOTATIONS" "-DANGLE_ENABLE_ESSL" "-DANGLE_ENABLE_GLSL" "-DANGLE_ENABLE_HLSL" "-DANGLE_ENABLE_KEYEDMUTEX" "-DANGLE_SKIP_DXGI_1_2_CHECK" "-DDYNAMIC_ANNOTATIONS_ENABLED=1" "-DNOMINMAX" "-DNTDDI_VERSION=0x0A000003" "-DUNICODE" "-DWINVER=0x0A00" "-D_ATL_NO_OPENGL" "-D_CRT_RAND_S" "-D_CRT_SECURE_NO_DEPRECATE" "-D_HAS_EXCEPTIONS=0" "-D_SCL_SECURE_NO_DEPRECATE" "-D_SECURE_ATL" "-D_UNICODE" "-D__NDK_FPABI__=" "-o" "/opt/rustwide/target/debug/build/mozangle-27de83c1981e04fc/out/gfx/angle/checkout/src/common/debug.o" "-c" "gfx/angle/checkout/src/common/debug.cpp"
[INFO] [stderr]   running: "c++" "-O0" "-ffunction-sections" "-fdata-sections" "-fPIC" "-g" "-fno-omit-frame-pointer" "-m64" "-I" "gfx/angle/checkout/include/" "-I" "gfx/angle/checkout/out/gen/angle/" "-I" "gfx/angle/checkout/src/" "-I" "gfx/angle/checkout/src/common/third_party/base/" "-std=c++14" "-msse2" "-DANGLE_ENABLE_DEBUG_ANNOTATIONS" "-DANGLE_ENABLE_ESSL" "-DANGLE_ENABLE_GLSL" "-DANGLE_ENABLE_HLSL" "-DANGLE_ENABLE_KEYEDMUTEX" "-DANGLE_SKIP_DXGI_1_2_CHECK" "-DDYNAMIC_ANNOTATIONS_ENABLED=1" "-DNOMINMAX" "-DNTDDI_VERSION=0x0A000003" "-DUNICODE" "-DWINVER=0x0A00" "-D_ATL_NO_OPENGL" "-D_CRT_RAND_S" "-D_CRT_SECURE_NO_DEPRECATE" "-D_HAS_EXCEPTIONS=0" "-D_SCL_SECURE_NO_DEPRECATE" "-D_SECURE_ATL" "-D_UNICODE" "-D__NDK_FPABI__=" "-o" "/opt/rustwide/target/debug/build/mozangle-27de83c1981e04fc/out/gfx/angle/checkout/src/common/mathutil.o" "-c" "gfx/angle/checkout/src/common/mathutil.cpp"
[INFO] [stderr]   running: "c++" "-O0" "-ffunction-sections" "-fdata-sections" "-fPIC" "-g" "-fno-omit-frame-pointer" "-m64" "-I" "gfx/angle/checkout/include/" "-I" "gfx/angle/checkout/out/gen/angle/" "-I" "gfx/angle/checkout/src/" "-I" "gfx/angle/checkout/src/common/third_party/base/" "-std=c++14" "-msse2" "-DANGLE_ENABLE_DEBUG_ANNOTATIONS" "-DANGLE_ENABLE_ESSL" "-DANGLE_ENABLE_GLSL" "-DANGLE_ENABLE_HLSL" "-DANGLE_ENABLE_KEYEDMUTEX" "-DANGLE_SKIP_DXGI_1_2_CHECK" "-DDYNAMIC_ANNOTATIONS_ENABLED=1" "-DNOMINMAX" "-DNTDDI_VERSION=0x0A000003" "-DUNICODE" "-DWINVER=0x0A00" "-D_ATL_NO_OPENGL" "-D_CRT_RAND_S" "-D_CRT_SECURE_NO_DEPRECATE" "-D_HAS_EXCEPTIONS=0" "-D_SCL_SECURE_NO_DEPRECATE" "-D_SECURE_ATL" "-D_UNICODE" "-D__NDK_FPABI__=" "-o" "/opt/rustwide/target/debug/build/mozangle-27de83c1981e04fc/out/gfx/angle/checkout/src/common/matrix_utils.o" "-c" "gfx/angle/checkout/src/common/matrix_utils.cpp"
[INFO] [stderr]   running: "c++" "-O0" "-ffunction-sections" "-fdata-sections" "-fPIC" "-g" "-fno-omit-frame-pointer" "-m64" "-I" "gfx/angle/checkout/include/" "-I" "gfx/angle/checkout/out/gen/angle/" "-I" "gfx/angle/checkout/src/" "-I" "gfx/angle/checkout/src/common/third_party/base/" "-std=c++14" "-msse2" "-DANGLE_ENABLE_DEBUG_ANNOTATIONS" "-DANGLE_ENABLE_ESSL" "-DANGLE_ENABLE_GLSL" "-DANGLE_ENABLE_HLSL" "-DANGLE_ENABLE_KEYEDMUTEX" "-DANGLE_SKIP_DXGI_1_2_CHECK" "-DDYNAMIC_ANNOTATIONS_ENABLED=1" "-DNOMINMAX" "-DNTDDI_VERSION=0x0A000003" "-DUNICODE" "-DWINVER=0x0A00" "-D_ATL_NO_OPENGL" "-D_CRT_RAND_S" "-D_CRT_SECURE_NO_DEPRECATE" "-D_HAS_EXCEPTIONS=0" "-D_SCL_SECURE_NO_DEPRECATE" "-D_SECURE_ATL" "-D_UNICODE" "-D__NDK_FPABI__=" "-o" "/opt/rustwide/target/debug/build/mozangle-27de83c1981e04fc/out/gfx/angle/checkout/src/common/string_utils.o" "-c" "gfx/angle/checkout/src/common/string_utils.cpp"
[INFO] [stderr]   running: "c++" "-O0" "-ffunction-sections" "-fdata-sections" "-fPIC" "-g" "-fno-omit-frame-pointer" "-m64" "-I" "gfx/angle/checkout/include/" "-I" "gfx/angle/checkout/out/gen/angle/" "-I" "gfx/angle/checkout/src/" "-I" "gfx/angle/checkout/src/common/third_party/base/" "-std=c++14" "-msse2" "-DANGLE_ENABLE_DEBUG_ANNOTATIONS" "-DANGLE_ENABLE_ESSL" "-DANGLE_ENABLE_GLSL" "-DANGLE_ENABLE_HLSL" "-DANGLE_ENABLE_KEYEDMUTEX" "-DANGLE_SKIP_DXGI_1_2_CHECK" "-DDYNAMIC_ANNOTATIONS_ENABLED=1" "-DNOMINMAX" "-DNTDDI_VERSION=0x0A000003" "-DUNICODE" "-DWINVER=0x0A00" "-D_ATL_NO_OPENGL" "-D_CRT_RAND_S" "-D_CRT_SECURE_NO_DEPRECATE" "-D_HAS_EXCEPTIONS=0" "-D_SCL_SECURE_NO_DEPRECATE" "-D_SECURE_ATL" "-D_UNICODE" "-D__NDK_FPABI__=" "-o" "/opt/rustwide/target/debug/build/mozangle-27de83c1981e04fc/out/gfx/angle/checkout/src/common/system_utils.o" "-c" "gfx/angle/checkout/src/common/system_utils.cpp"
[INFO] [stderr]   running: "c++" "-O0" "-ffunction-sections" "-fdata-sections" "-fPIC" "-g" "-fno-omit-frame-pointer" "-m64" "-I" "gfx/angle/checkout/include/" "-I" "gfx/angle/checkout/out/gen/angle/" "-I" "gfx/angle/checkout/src/" "-I" "gfx/angle/checkout/src/common/third_party/base/" "-std=c++14" "-msse2" "-DANGLE_ENABLE_DEBUG_ANNOTATIONS" "-DANGLE_ENABLE_ESSL" "-DANGLE_ENABLE_GLSL" "-DANGLE_ENABLE_HLSL" "-DANGLE_ENABLE_KEYEDMUTEX" "-DANGLE_SKIP_DXGI_1_2_CHECK" "-DDYNAMIC_ANNOTATIONS_ENABLED=1" "-DNOMINMAX" "-DNTDDI_VERSION=0x0A000003" "-DUNICODE" "-DWINVER=0x0A00" "-D_ATL_NO_OPENGL" "-D_CRT_RAND_S" "-D_CRT_SECURE_NO_DEPRECATE" "-D_HAS_EXCEPTIONS=0" "-D_SCL_SECURE_NO_DEPRECATE" "-D_SECURE_ATL" "-D_UNICODE" "-D__NDK_FPABI__=" "-o" "/opt/rustwide/target/debug/build/mozangle-27de83c1981e04fc/out/gfx/angle/checkout/src/common/third_party/base/anglebase/sha1.o" "-c" "gfx/angle/checkout/src/common/third_party/base/anglebase/sha1.cc"
[INFO] [stderr]   running: "c++" "-O0" "-ffunction-sections" "-fdata-sections" "-fPIC" "-g" "-fno-omit-frame-pointer" "-m64" "-I" "gfx/angle/checkout/include/" "-I" "gfx/angle/checkout/out/gen/angle/" "-I" "gfx/angle/checkout/src/" "-I" "gfx/angle/checkout/src/common/third_party/base/" "-std=c++14" "-msse2" "-DANGLE_ENABLE_DEBUG_ANNOTATIONS" "-DANGLE_ENABLE_ESSL" "-DANGLE_ENABLE_GLSL" "-DANGLE_ENABLE_HLSL" "-DANGLE_ENABLE_KEYEDMUTEX" "-DANGLE_SKIP_DXGI_1_2_CHECK" "-DDYNAMIC_ANNOTATIONS_ENABLED=1" "-DNOMINMAX" "-DNTDDI_VERSION=0x0A000003" "-DUNICODE" "-DWINVER=0x0A00" "-D_ATL_NO_OPENGL" "-D_CRT_RAND_S" "-D_CRT_SECURE_NO_DEPRECATE" "-D_HAS_EXCEPTIONS=0" "-D_SCL_SECURE_NO_DEPRECATE" "-D_SECURE_ATL" "-D_UNICODE" "-D__NDK_FPABI__=" "-o" "/opt/rustwide/target/debug/build/mozangle-27de83c1981e04fc/out/gfx/angle/checkout/src/common/third_party/smhasher/src/PMurHash.o" "-c" "gfx/angle/checkout/src/common/third_party/smhasher/src/PMurHash.cpp"
[INFO] [stderr]   exit status: 0
[INFO] [stderr]   exit status: 0
[INFO] [stderr]   running: "c++" "-O0" "-ffunction-sections" "-fdata-sections" "-fPIC" "-g" "-fno-omit-frame-pointer" "-m64" "-I" "gfx/angle/checkout/include/" "-I" "gfx/angle/checkout/out/gen/angle/" "-I" "gfx/angle/checkout/src/" "-I" "gfx/angle/checkout/src/common/third_party/base/" "-std=c++14" "-msse2" "-DANGLE_ENABLE_DEBUG_ANNOTATIONS" "-DANGLE_ENABLE_ESSL" "-DANGLE_ENABLE_GLSL" "-DANGLE_ENABLE_HLSL" "-DANGLE_ENABLE_KEYEDMUTEX" "-DANGLE_SKIP_DXGI_1_2_CHECK" "-DDYNAMIC_ANNOTATIONS_ENABLED=1" "-DNOMINMAX" "-DNTDDI_VERSION=0x0A000003" "-DUNICODE" "-DWINVER=0x0A00" "-D_ATL_NO_OPENGL" "-D_CRT_RAND_S" "-D_CRT_SECURE_NO_DEPRECATE" "-D_HAS_EXCEPTIONS=0" "-D_SCL_SECURE_NO_DEPRECATE" "-D_SECURE_ATL" "-D_UNICODE" "-D__NDK_FPABI__=" "-o" "/opt/rustwide/target/debug/build/mozangle-27de83c1981e04fc/out/gfx/angle/checkout/src/common/third_party/xxhash/xxhash.o" "-c" "gfx/angle/checkout/src/common/third_party/xxhash/xxhash.c"
[INFO] [stderr]   exit status: 0
[INFO] [stderr]   running: "c++" "-O0" "-ffunction-sections" "-fdata-sections" "-fPIC" "-g" "-fno-omit-frame-pointer" "-m64" "-I" "gfx/angle/checkout/include/" "-I" "gfx/angle/checkout/out/gen/angle/" "-I" "gfx/angle/checkout/src/" "-I" "gfx/angle/checkout/src/common/third_party/base/" "-std=c++14" "-msse2" "-DANGLE_ENABLE_DEBUG_ANNOTATIONS" "-DANGLE_ENABLE_ESSL" "-DANGLE_ENABLE_GLSL" "-DANGLE_ENABLE_HLSL" "-DANGLE_ENABLE_KEYEDMUTEX" "-DANGLE_SKIP_DXGI_1_2_CHECK" "-DDYNAMIC_ANNOTATIONS_ENABLED=1" "-DNOMINMAX" "-DNTDDI_VERSION=0x0A000003" "-DUNICODE" "-DWINVER=0x0A00" "-D_ATL_NO_OPENGL" "-D_CRT_RAND_S" "-D_CRT_SECURE_NO_DEPRECATE" "-D_HAS_EXCEPTIONS=0" "-D_SCL_SECURE_NO_DEPRECATE" "-D_SECURE_ATL" "-D_UNICODE" "-D__NDK_FPABI__=" "-o" "/opt/rustwide/target/debug/build/mozangle-27de83c1981e04fc/out/gfx/angle/checkout/src/common/tls.o" "-c" "gfx/angle/checkout/src/common/tls.cpp"
[INFO] [stderr]   exit status: 0
[INFO] [stderr]   running: "c++" "-O0" "-ffunction-sections" "-fdata-sections" "-fPIC" "-g" "-fno-omit-frame-pointer" "-m64" "-I" "gfx/angle/checkout/include/" "-I" "gfx/angle/checkout/out/gen/angle/" "-I" "gfx/angle/checkout/src/" "-I" "gfx/angle/checkout/src/common/third_party/base/" "-std=c++14" "-msse2" "-DANGLE_ENABLE_DEBUG_ANNOTATIONS" "-DANGLE_ENABLE_ESSL" "-DANGLE_ENABLE_GLSL" "-DANGLE_ENABLE_HLSL" "-DANGLE_ENABLE_KEYEDMUTEX" "-DANGLE_SKIP_DXGI_1_2_CHECK" "-DDYNAMIC_ANNOTATIONS_ENABLED=1" "-DNOMINMAX" "-DNTDDI_VERSION=0x0A000003" "-DUNICODE" "-DWINVER=0x0A00" "-D_ATL_NO_OPENGL" "-D_CRT_RAND_S" "-D_CRT_SECURE_NO_DEPRECATE" "-D_HAS_EXCEPTIONS=0" "-D_SCL_SECURE_NO_DEPRECATE" "-D_SECURE_ATL" "-D_UNICODE" "-D__NDK_FPABI__=" "-o" "/opt/rustwide/target/debug/build/mozangle-27de83c1981e04fc/out/gfx/angle/checkout/src/common/uniform_type_info_autogen.o" "-c" "gfx/angle/checkout/src/common/uniform_type_info_autogen.cpp"
[INFO] [stderr]   exit status: 0
[INFO] [stderr]   running: "c++" "-O0" "-ffunction-sections" "-fdata-sections" "-fPIC" "-g" "-fno-omit-frame-pointer" "-m64" "-I" "gfx/angle/checkout/include/" "-I" "gfx/angle/checkout/out/gen/angle/" "-I" "gfx/angle/checkout/src/" "-I" "gfx/angle/checkout/src/common/third_party/base/" "-std=c++14" "-msse2" "-DANGLE_ENABLE_DEBUG_ANNOTATIONS" "-DANGLE_ENABLE_ESSL" "-DANGLE_ENABLE_GLSL" "-DANGLE_ENABLE_HLSL" "-DANGLE_ENABLE_KEYEDMUTEX" "-DANGLE_SKIP_DXGI_1_2_CHECK" "-DDYNAMIC_ANNOTATIONS_ENABLED=1" "-DNOMINMAX" "-DNTDDI_VERSION=0x0A000003" "-DUNICODE" "-DWINVER=0x0A00" "-D_ATL_NO_OPENGL" "-D_CRT_RAND_S" "-D_CRT_SECURE_NO_DEPRECATE" "-D_HAS_EXCEPTIONS=0" "-D_SCL_SECURE_NO_DEPRECATE" "-D_SECURE_ATL" "-D_UNICODE" "-D__NDK_FPABI__=" "-o" "/opt/rustwide/target/debug/build/mozangle-27de83c1981e04fc/out/gfx/angle/checkout/src/common/utilities.o" "-c" "gfx/angle/checkout/src/common/utilities.cpp"
[INFO] [stderr]   exit status: 0
[INFO] [stderr]   running: "c++" "-O0" "-ffunction-sections" "-fdata-sections" "-fPIC" "-g" "-fno-omit-frame-pointer" "-m64" "-I" "gfx/angle/checkout/include/" "-I" "gfx/angle/checkout/out/gen/angle/" "-I" "gfx/angle/checkout/src/" "-I" "gfx/angle/checkout/src/common/third_party/base/" "-std=c++14" "-msse2" "-DANGLE_ENABLE_DEBUG_ANNOTATIONS" "-DANGLE_ENABLE_ESSL" "-DANGLE_ENABLE_GLSL" "-DANGLE_ENABLE_HLSL" "-DANGLE_ENABLE_KEYEDMUTEX" "-DANGLE_SKIP_DXGI_1_2_CHECK" "-DDYNAMIC_ANNOTATIONS_ENABLED=1" "-DNOMINMAX" "-DNTDDI_VERSION=0x0A000003" "-DUNICODE" "-DWINVER=0x0A00" "-D_ATL_NO_OPENGL" "-D_CRT_RAND_S" "-D_CRT_SECURE_NO_DEPRECATE" "-D_HAS_EXCEPTIONS=0" "-D_SCL_SECURE_NO_DEPRECATE" "-D_SECURE_ATL" "-D_UNICODE" "-D__NDK_FPABI__=" "-o" "/opt/rustwide/target/debug/build/mozangle-27de83c1981e04fc/out/gfx/angle/checkout/src/compiler/preprocessor/DiagnosticsBase.o" "-c" "gfx/angle/checkout/src/compiler/preprocessor/DiagnosticsBase.cpp"
[INFO] [stderr]   exit status: 0
[INFO] [stderr]   running: "c++" "-O0" "-ffunction-sections" "-fdata-sections" "-fPIC" "-g" "-fno-omit-frame-pointer" "-m64" "-I" "gfx/angle/checkout/include/" "-I" "gfx/angle/checkout/out/gen/angle/" "-I" "gfx/angle/checkout/src/" "-I" "gfx/angle/checkout/src/common/third_party/base/" "-std=c++14" "-msse2" "-DANGLE_ENABLE_DEBUG_ANNOTATIONS" "-DANGLE_ENABLE_ESSL" "-DANGLE_ENABLE_GLSL" "-DANGLE_ENABLE_HLSL" "-DANGLE_ENABLE_KEYEDMUTEX" "-DANGLE_SKIP_DXGI_1_2_CHECK" "-DDYNAMIC_ANNOTATIONS_ENABLED=1" "-DNOMINMAX" "-DNTDDI_VERSION=0x0A000003" "-DUNICODE" "-DWINVER=0x0A00" "-D_ATL_NO_OPENGL" "-D_CRT_RAND_S" "-D_CRT_SECURE_NO_DEPRECATE" "-D_HAS_EXCEPTIONS=0" "-D_SCL_SECURE_NO_DEPRECATE" "-D_SECURE_ATL" "-D_UNICODE" "-D__NDK_FPABI__=" "-o" "/opt/rustwide/target/debug/build/mozangle-27de83c1981e04fc/out/gfx/angle/checkout/src/compiler/preprocessor/DirectiveHandlerBase.o" "-c" "gfx/angle/checkout/src/compiler/preprocessor/DirectiveHandlerBase.cpp"
[INFO] [stderr]   exit status: 0
[INFO] [stderr]   exit status: 0
[INFO] [stderr]   running: "c++" "-O0" "-ffunction-sections" "-fdata-sections" "-fPIC" "-g" "-fno-omit-frame-pointer" "-m64" "-I" "gfx/angle/checkout/include/" "-I" "gfx/angle/checkout/out/gen/angle/" "-I" "gfx/angle/checkout/src/" "-I" "gfx/angle/checkout/src/common/third_party/base/" "-std=c++14" "-msse2" "-DANGLE_ENABLE_DEBUG_ANNOTATIONS" "-DANGLE_ENABLE_ESSL" "-DANGLE_ENABLE_GLSL" "-DANGLE_ENABLE_HLSL" "-DANGLE_ENABLE_KEYEDMUTEX" "-DANGLE_SKIP_DXGI_1_2_CHECK" "-DDYNAMIC_ANNOTATIONS_ENABLED=1" "-DNOMINMAX" "-DNTDDI_VERSION=0x0A000003" "-DUNICODE" "-DWINVER=0x0A00" "-D_ATL_NO_OPENGL" "-D_CRT_RAND_S" "-D_CRT_SECURE_NO_DEPRECATE" "-D_HAS_EXCEPTIONS=0" "-D_SCL_SECURE_NO_DEPRECATE" "-D_SECURE_ATL" "-D_UNICODE" "-D__NDK_FPABI__=" "-o" "/opt/rustwide/target/debug/build/mozangle-27de83c1981e04fc/out/gfx/angle/checkout/src/compiler/preprocessor/DirectiveParser.o" "-c" "gfx/angle/checkout/src/compiler/preprocessor/DirectiveParser.cpp"
[INFO] [stderr]   exit status: 0
[INFO] [stderr]   running: "c++" "-O0" "-ffunction-sections" "-fdata-sections" "-fPIC" "-g" "-fno-omit-frame-pointer" "-m64" "-I" "gfx/angle/checkout/include/" "-I" "gfx/angle/checkout/out/gen/angle/" "-I" "gfx/angle/checkout/src/" "-I" "gfx/angle/checkout/src/common/third_party/base/" "-std=c++14" "-msse2" "-DANGLE_ENABLE_DEBUG_ANNOTATIONS" "-DANGLE_ENABLE_ESSL" "-DANGLE_ENABLE_GLSL" "-DANGLE_ENABLE_HLSL" "-DANGLE_ENABLE_KEYEDMUTEX" "-DANGLE_SKIP_DXGI_1_2_CHECK" "-DDYNAMIC_ANNOTATIONS_ENABLED=1" "-DNOMINMAX" "-DNTDDI_VERSION=0x0A000003" "-DUNICODE" "-DWINVER=0x0A00" "-D_ATL_NO_OPENGL" "-D_CRT_RAND_S" "-D_CRT_SECURE_NO_DEPRECATE" "-D_HAS_EXCEPTIONS=0" "-D_SCL_SECURE_NO_DEPRECATE" "-D_SECURE_ATL" "-D_UNICODE" "-D__NDK_FPABI__=" "-o" "/opt/rustwide/target/debug/build/mozangle-27de83c1981e04fc/out/gfx/angle/checkout/src/compiler/preprocessor/ExpressionParser.o" "-c" "gfx/angle/checkout/src/compiler/preprocessor/ExpressionParser.cpp"
[INFO] [stderr]   exit status: 0
[INFO] [stderr]   running: "c++" "-O0" "-ffunction-sections" "-fdata-sections" "-fPIC" "-g" "-fno-omit-frame-pointer" "-m64" "-I" "gfx/angle/checkout/include/" "-I" "gfx/angle/checkout/out/gen/angle/" "-I" "gfx/angle/checkout/src/" "-I" "gfx/angle/checkout/src/common/third_party/base/" "-std=c++14" "-msse2" "-DANGLE_ENABLE_DEBUG_ANNOTATIONS" "-DANGLE_ENABLE_ESSL" "-DANGLE_ENABLE_GLSL" "-DANGLE_ENABLE_HLSL" "-DANGLE_ENABLE_KEYEDMUTEX" "-DANGLE_SKIP_DXGI_1_2_CHECK" "-DDYNAMIC_ANNOTATIONS_ENABLED=1" "-DNOMINMAX" "-DNTDDI_VERSION=0x0A000003" "-DUNICODE" "-DWINVER=0x0A00" "-D_ATL_NO_OPENGL" "-D_CRT_RAND_S" "-D_CRT_SECURE_NO_DEPRECATE" "-D_HAS_EXCEPTIONS=0" "-D_SCL_SECURE_NO_DEPRECATE" "-D_SECURE_ATL" "-D_UNICODE" "-D__NDK_FPABI__=" "-o" "/opt/rustwide/target/debug/build/mozangle-27de83c1981e04fc/out/gfx/angle/checkout/src/compiler/preprocessor/Input.o" "-c" "gfx/angle/checkout/src/compiler/preprocessor/Input.cpp"
[INFO] [stderr]   exit status: 0
[INFO] [stderr]   exit status: 0
[INFO] [stderr]   exit status: 0
[INFO] [stderr]   running: "c++" "-O0" "-ffunction-sections" "-fdata-sections" "-fPIC" "-g" "-fno-omit-frame-pointer" "-m64" "-I" "gfx/angle/checkout/include/" "-I" "gfx/angle/checkout/out/gen/angle/" "-I" "gfx/angle/checkout/src/" "-I" "gfx/angle/checkout/src/common/third_party/base/" "-std=c++14" "-msse2" "-DANGLE_ENABLE_DEBUG_ANNOTATIONS" "-DANGLE_ENABLE_ESSL" "-DANGLE_ENABLE_GLSL" "-DANGLE_ENABLE_HLSL" "-DANGLE_ENABLE_KEYEDMUTEX" "-DANGLE_SKIP_DXGI_1_2_CHECK" "-DDYNAMIC_ANNOTATIONS_ENABLED=1" "-DNOMINMAX" "-DNTDDI_VERSION=0x0A000003" "-DUNICODE" "-DWINVER=0x0A00" "-D_ATL_NO_OPENGL" "-D_CRT_RAND_S" "-D_CRT_SECURE_NO_DEPRECATE" "-D_HAS_EXCEPTIONS=0" "-D_SCL_SECURE_NO_DEPRECATE" "-D_SECURE_ATL" "-D_UNICODE" "-D__NDK_FPABI__=" "-o" "/opt/rustwide/target/debug/build/mozangle-27de83c1981e04fc/out/gfx/angle/checkout/src/compiler/preprocessor/Lexer.o" "-c" "gfx/angle/checkout/src/compiler/preprocessor/Lexer.cpp"
[INFO] [stderr]   exit status: 0
[INFO] [stderr]   running: "c++" "-O0" "-ffunction-sections" "-fdata-sections" "-fPIC" "-g" "-fno-omit-frame-pointer" "-m64" "-I" "gfx/angle/checkout/include/" "-I" "gfx/angle/checkout/out/gen/angle/" "-I" "gfx/angle/checkout/src/" "-I" "gfx/angle/checkout/src/common/third_party/base/" "-std=c++14" "-msse2" "-DANGLE_ENABLE_DEBUG_ANNOTATIONS" "-DANGLE_ENABLE_ESSL" "-DANGLE_ENABLE_GLSL" "-DANGLE_ENABLE_HLSL" "-DANGLE_ENABLE_KEYEDMUTEX" "-DANGLE_SKIP_DXGI_1_2_CHECK" "-DDYNAMIC_ANNOTATIONS_ENABLED=1" "-DNOMINMAX" "-DNTDDI_VERSION=0x0A000003" "-DUNICODE" "-DWINVER=0x0A00" "-D_ATL_NO_OPENGL" "-D_CRT_RAND_S" "-D_CRT_SECURE_NO_DEPRECATE" "-D_HAS_EXCEPTIONS=0" "-D_SCL_SECURE_NO_DEPRECATE" "-D_SECURE_ATL" "-D_UNICODE" "-D__NDK_FPABI__=" "-o" "/opt/rustwide/target/debug/build/mozangle-27de83c1981e04fc/out/gfx/angle/checkout/src/compiler/preprocessor/Macro.o" "-c" "gfx/angle/checkout/src/compiler/preprocessor/Macro.cpp"
[INFO] [stderr]   running: "c++" "-O0" "-ffunction-sections" "-fdata-sections" "-fPIC" "-g" "-fno-omit-frame-pointer" "-m64" "-I" "gfx/angle/checkout/include/" "-I" "gfx/angle/checkout/out/gen/angle/" "-I" "gfx/angle/checkout/src/" "-I" "gfx/angle/checkout/src/common/third_party/base/" "-std=c++14" "-msse2" "-DANGLE_ENABLE_DEBUG_ANNOTATIONS" "-DANGLE_ENABLE_ESSL" "-DANGLE_ENABLE_GLSL" "-DANGLE_ENABLE_HLSL" "-DANGLE_ENABLE_KEYEDMUTEX" "-DANGLE_SKIP_DXGI_1_2_CHECK" "-DDYNAMIC_ANNOTATIONS_ENABLED=1" "-DNOMINMAX" "-DNTDDI_VERSION=0x0A000003" "-DUNICODE" "-DWINVER=0x0A00" "-D_ATL_NO_OPENGL" "-D_CRT_RAND_S" "-D_CRT_SECURE_NO_DEPRECATE" "-D_HAS_EXCEPTIONS=0" "-D_SCL_SECURE_NO_DEPRECATE" "-D_SECURE_ATL" "-D_UNICODE" "-D__NDK_FPABI__=" "-o" "/opt/rustwide/target/debug/build/mozangle-27de83c1981e04fc/out/gfx/angle/checkout/src/compiler/preprocessor/MacroExpander.o" "-c" "gfx/angle/checkout/src/compiler/preprocessor/MacroExpander.cpp"
[INFO] [stderr]   exit status: 0
[INFO] [stderr]   running: "c++" "-O0" "-ffunction-sections" "-fdata-sections" "-fPIC" "-g" "-fno-omit-frame-pointer" "-m64" "-I" "gfx/angle/checkout/include/" "-I" "gfx/angle/checkout/out/gen/angle/" "-I" "gfx/angle/checkout/src/" "-I" "gfx/angle/checkout/src/common/third_party/base/" "-std=c++14" "-msse2" "-DANGLE_ENABLE_DEBUG_ANNOTATIONS" "-DANGLE_ENABLE_ESSL" "-DANGLE_ENABLE_GLSL" "-DANGLE_ENABLE_HLSL" "-DANGLE_ENABLE_KEYEDMUTEX" "-DANGLE_SKIP_DXGI_1_2_CHECK" "-DDYNAMIC_ANNOTATIONS_ENABLED=1" "-DNOMINMAX" "-DNTDDI_VERSION=0x0A000003" "-DUNICODE" "-DWINVER=0x0A00" "-D_ATL_NO_OPENGL" "-D_CRT_RAND_S" "-D_CRT_SECURE_NO_DEPRECATE" "-D_HAS_EXCEPTIONS=0" "-D_SCL_SECURE_NO_DEPRECATE" "-D_SECURE_ATL" "-D_UNICODE" "-D__NDK_FPABI__=" "-o" "/opt/rustwide/target/debug/build/mozangle-27de83c1981e04fc/out/gfx/angle/checkout/src/compiler/preprocessor/Preprocessor.o" "-c" "gfx/angle/checkout/src/compiler/preprocessor/Preprocessor.cpp"
[INFO] [stderr]   running: "c++" "-O0" "-ffunction-sections" "-fdata-sections" "-fPIC" "-g" "-fno-omit-frame-pointer" "-m64" "-I" "gfx/angle/checkout/include/" "-I" "gfx/angle/checkout/out/gen/angle/" "-I" "gfx/angle/checkout/src/" "-I" "gfx/angle/checkout/src/common/third_party/base/" "-std=c++14" "-msse2" "-DANGLE_ENABLE_DEBUG_ANNOTATIONS" "-DANGLE_ENABLE_ESSL" "-DANGLE_ENABLE_GLSL" "-DANGLE_ENABLE_HLSL" "-DANGLE_ENABLE_KEYEDMUTEX" "-DANGLE_SKIP_DXGI_1_2_CHECK" "-DDYNAMIC_ANNOTATIONS_ENABLED=1" "-DNOMINMAX" "-DNTDDI_VERSION=0x0A000003" "-DUNICODE" "-DWINVER=0x0A00" "-D_ATL_NO_OPENGL" "-D_CRT_RAND_S" "-D_CRT_SECURE_NO_DEPRECATE" "-D_HAS_EXCEPTIONS=0" "-D_SCL_SECURE_NO_DEPRECATE" "-D_SECURE_ATL" "-D_UNICODE" "-D__NDK_FPABI__=" "-o" "/opt/rustwide/target/debug/build/mozangle-27de83c1981e04fc/out/gfx/angle/checkout/src/compiler/preprocessor/Token.o" "-c" "gfx/angle/checkout/src/compiler/preprocessor/Token.cpp"
[INFO] [stderr]   exit status: 0
[INFO] [stderr]   running: "c++" "-O0" "-ffunction-sections" "-fdata-sections" "-fPIC" "-g" "-fno-omit-frame-pointer" "-m64" "-I" "gfx/angle/checkout/include/" "-I" "gfx/angle/checkout/out/gen/angle/" "-I" "gfx/angle/checkout/src/" "-I" "gfx/angle/checkout/src/common/third_party/base/" "-std=c++14" "-msse2" "-DANGLE_ENABLE_DEBUG_ANNOTATIONS" "-DANGLE_ENABLE_ESSL" "-DANGLE_ENABLE_GLSL" "-DANGLE_ENABLE_HLSL" "-DANGLE_ENABLE_KEYEDMUTEX" "-DANGLE_SKIP_DXGI_1_2_CHECK" "-DDYNAMIC_ANNOTATIONS_ENABLED=1" "-DNOMINMAX" "-DNTDDI_VERSION=0x0A000003" "-DUNICODE" "-DWINVER=0x0A00" "-D_ATL_NO_OPENGL" "-D_CRT_RAND_S" "-D_CRT_SECURE_NO_DEPRECATE" "-D_HAS_EXCEPTIONS=0" "-D_SCL_SECURE_NO_DEPRECATE" "-D_SECURE_ATL" "-D_UNICODE" "-D__NDK_FPABI__=" "-o" "/opt/rustwide/target/debug/build/mozangle-27de83c1981e04fc/out/gfx/angle/checkout/src/compiler/preprocessor/Tokenizer.o" "-c" "gfx/angle/checkout/src/compiler/preprocessor/Tokenizer.cpp"
[INFO] [stderr]   running: "c++" "-O0" "-ffunction-sections" "-fdata-sections" "-fPIC" "-g" "-fno-omit-frame-pointer" "-m64" "-I" "gfx/angle/checkout/include/" "-I" "gfx/angle/checkout/out/gen/angle/" "-I" "gfx/angle/checkout/src/" "-I" "gfx/angle/checkout/src/common/third_party/base/" "-std=c++14" "-msse2" "-DANGLE_ENABLE_DEBUG_ANNOTATIONS" "-DANGLE_ENABLE_ESSL" "-DANGLE_ENABLE_GLSL" "-DANGLE_ENABLE_HLSL" "-DANGLE_ENABLE_KEYEDMUTEX" "-DANGLE_SKIP_DXGI_1_2_CHECK" "-DDYNAMIC_ANNOTATIONS_ENABLED=1" "-DNOMINMAX" "-DNTDDI_VERSION=0x0A000003" "-DUNICODE" "-DWINVER=0x0A00" "-D_ATL_NO_OPENGL" "-D_CRT_RAND_S" "-D_CRT_SECURE_NO_DEPRECATE" "-D_HAS_EXCEPTIONS=0" "-D_SCL_SECURE_NO_DEPRECATE" "-D_SECURE_ATL" "-D_UNICODE" "-D__NDK_FPABI__=" "-o" "/opt/rustwide/target/debug/build/mozangle-27de83c1981e04fc/out/gfx/angle/checkout/src/compiler/translator/ASTMetadataHLSL.o" "-c" "gfx/angle/checkout/src/compiler/translator/ASTMetadataHLSL.cpp"
[INFO] [stderr]   exit status: 0
[INFO] [stderr]   running: "c++" "-O0" "-ffunction-sections" "-fdata-sections" "-fPIC" "-g" "-fno-omit-frame-pointer" "-m64" "-I" "gfx/angle/checkout/include/" "-I" "gfx/angle/checkout/out/gen/angle/" "-I" "gfx/angle/checkout/src/" "-I" "gfx/angle/checkout/src/common/third_party/base/" "-std=c++14" "-msse2" "-DANGLE_ENABLE_DEBUG_ANNOTATIONS" "-DANGLE_ENABLE_ESSL" "-DANGLE_ENABLE_GLSL" "-DANGLE_ENABLE_HLSL" "-DANGLE_ENABLE_KEYEDMUTEX" "-DANGLE_SKIP_DXGI_1_2_CHECK" "-DDYNAMIC_ANNOTATIONS_ENABLED=1" "-DNOMINMAX" "-DNTDDI_VERSION=0x0A000003" "-DUNICODE" "-DWINVER=0x0A00" "-D_ATL_NO_OPENGL" "-D_CRT_RAND_S" "-D_CRT_SECURE_NO_DEPRECATE" "-D_HAS_EXCEPTIONS=0" "-D_SCL_SECURE_NO_DEPRECATE" "-D_SECURE_ATL" "-D_UNICODE" "-D__NDK_FPABI__=" "-o" "/opt/rustwide/target/debug/build/mozangle-27de83c1981e04fc/out/gfx/angle/checkout/src/compiler/translator/AtomicCounterFunctionHLSL.o" "-c" "gfx/angle/checkout/src/compiler/translator/AtomicCounterFunctionHLSL.cpp"
[INFO] [stderr]   exit status: 0
[INFO] [stderr]   running: "c++" "-O0" "-ffunction-sections" "-fdata-sections" "-fPIC" "-g" "-fno-omit-frame-pointer" "-m64" "-I" "gfx/angle/checkout/include/" "-I" "gfx/angle/checkout/out/gen/angle/" "-I" "gfx/angle/checkout/src/" "-I" "gfx/angle/checkout/src/common/third_party/base/" "-std=c++14" "-msse2" "-DANGLE_ENABLE_DEBUG_ANNOTATIONS" "-DANGLE_ENABLE_ESSL" "-DANGLE_ENABLE_GLSL" "-DANGLE_ENABLE_HLSL" "-DANGLE_ENABLE_KEYEDMUTEX" "-DANGLE_SKIP_DXGI_1_2_CHECK" "-DDYNAMIC_ANNOTATIONS_ENABLED=1" "-DNOMINMAX" "-DNTDDI_VERSION=0x0A000003" "-DUNICODE" "-DWINVER=0x0A00" "-D_ATL_NO_OPENGL" "-D_CRT_RAND_S" "-D_CRT_SECURE_NO_DEPRECATE" "-D_HAS_EXCEPTIONS=0" "-D_SCL_SECURE_NO_DEPRECATE" "-D_SECURE_ATL" "-D_UNICODE" "-D__NDK_FPABI__=" "-o" "/opt/rustwide/target/debug/build/mozangle-27de83c1981e04fc/out/gfx/angle/checkout/src/compiler/translator/BuiltInFunctionEmulator.o" "-c" "gfx/angle/checkout/src/compiler/translator/BuiltInFunctionEmulator.cpp"
[INFO] [stderr]   cargo:warning=c++: fatal error: Killed signal terminated program cc1plus
[INFO] [stderr]   cargo:warning=compilation terminated.
[INFO] [stderr]   exit status: 1
[INFO] [stderr]   running: "c++" "-O0" "-ffunction-sections" "-fdata-sections" "-fPIC" "-g" "-fno-omit-frame-pointer" "-m64" "-I" "gfx/angle/checkout/include/" "-I" "gfx/angle/checkout/out/gen/angle/" "-I" "gfx/angle/checkout/src/" "-I" "gfx/angle/checkout/src/common/third_party/base/" "-std=c++14" "-msse2" "-DANGLE_ENABLE_DEBUG_ANNOTATIONS" "-DANGLE_ENABLE_ESSL" "-DANGLE_ENABLE_GLSL" "-DANGLE_ENABLE_HLSL" "-DANGLE_ENABLE_KEYEDMUTEX" "-DANGLE_SKIP_DXGI_1_2_CHECK" "-DDYNAMIC_ANNOTATIONS_ENABLED=1" "-DNOMINMAX" "-DNTDDI_VERSION=0x0A000003" "-DUNICODE" "-DWINVER=0x0A00" "-D_ATL_NO_OPENGL" "-D_CRT_RAND_S" "-D_CRT_SECURE_NO_DEPRECATE" "-D_HAS_EXCEPTIONS=0" "-D_SCL_SECURE_NO_DEPRECATE" "-D_SECURE_ATL" "-D_UNICODE" "-D__NDK_FPABI__=" "-o" "/opt/rustwide/target/debug/build/mozangle-27de83c1981e04fc/out/gfx/angle/checkout/src/compiler/translator/BuiltInFunctionEmulatorGLSL.o" "-c" "gfx/angle/checkout/src/compiler/translator/BuiltInFunctionEmulatorGLSL.cpp"
[INFO] [stderr]   exit status: 0
[INFO] [stderr]   exit status: 0
[INFO] [stderr]   exit status: 0
[INFO] [stderr]   exit status: 0
[INFO] [stderr]   exit status: 0
[INFO] [stderr]   exit status: 0
[INFO] [stderr]   exit status: 0
[INFO] [stderr]   exit status: 0
[INFO] [stderr]   exit status: 0
[INFO] [stderr]   exit status: 0
[INFO] [stderr]   exit status: 0
[INFO] [stderr]   exit status: 0
[INFO] [stderr]   exit status: 0
[INFO] [stderr]   exit status: 0
[INFO] [stderr] 
[INFO] [stderr]   --- stderr
[INFO] [stderr] 
[INFO] [stderr] 
[INFO] [stderr]   error occurred: Command "c++" "-O0" "-ffunction-sections" "-fdata-sections" "-fPIC" "-g" "-fno-omit-frame-pointer" "-m64" "-I" "gfx/angle/checkout/include/" "-I" "gfx/angle/checkout/out/gen/angle/" "-I" "gfx/angle/checkout/src/" "-I" "gfx/angle/checkout/src/common/third_party/base/" "-std=c++14" "-msse2" "-DANGLE_ENABLE_DEBUG_ANNOTATIONS" "-DANGLE_ENABLE_ESSL" "-DANGLE_ENABLE_GLSL" "-DANGLE_ENABLE_HLSL" "-DANGLE_ENABLE_KEYEDMUTEX" "-DANGLE_SKIP_DXGI_1_2_CHECK" "-DDYNAMIC_ANNOTATIONS_ENABLED=1" "-DNOMINMAX" "-DNTDDI_VERSION=0x0A000003" "-DUNICODE" "-DWINVER=0x0A00" "-D_ATL_NO_OPENGL" "-D_CRT_RAND_S" "-D_CRT_SECURE_NO_DEPRECATE" "-D_HAS_EXCEPTIONS=0" "-D_SCL_SECURE_NO_DEPRECATE" "-D_SECURE_ATL" "-D_UNICODE" "-D__NDK_FPABI__=" "-o" "/opt/rustwide/target/debug/build/mozangle-27de83c1981e04fc/out/gfx/angle/checkout/src/common/utilities.o" "-c" "gfx/angle/checkout/src/common/utilities.cpp" with args "c++" did not execute successfully (status code exit status: 1).
[INFO] [stderr] 
[INFO] [stderr] 
[INFO] running `Command { std: "docker" "inspect" "f1dbef824af11da54a0ce15a9c2b91c92b8a7dcd002bf8fdd29be6e4fb6d67b0", kill_on_drop: false }`
[INFO] running `Command { std: "docker" "rm" "-f" "f1dbef824af11da54a0ce15a9c2b91c92b8a7dcd002bf8fdd29be6e4fb6d67b0", kill_on_drop: false }`
[INFO] [stdout] f1dbef824af11da54a0ce15a9c2b91c92b8a7dcd002bf8fdd29be6e4fb6d67b0
